e 14
-29b
2078 (base 10) to base 5
31303
What is 4111 (base 6) in base 15?
407
What is 10101111110100 (base 2) in base 3?
120102202
-11110011011 (base 2) to base 6
-13003
-3d06 (base 14) to base 13
-4ba9
Convert 5d4 (base 16) to base 8.
2724
Convert 5e3 (base 15) to base 7.
3621
281d (base 14) to base 10
7083
What is -2315 (base 6) in base 12?
-39b
What is 220e (base 15) in base 6?
53222
What is 44 (base 6) in base 11?
26
-2769 (base 10) to base 3
-10210120
What is 25a2 (base 11) in base 2?
110100110011
Convert 2b4 (base 14) to base 4.
20212
What is -8a45 (base 13) in base 6?
-225243
What is 4922 (base 13) in base 16?
2861
Convert 1e59 (base 16) to base 4.
1321121
-1022 (base 11) to base 2
-10101001011
What is -54 (base 12) in base 13?
-4c
Convert 325 (base 6) to base 14.
8d
What is ca (base 15) in base 13?
118
-ac (base 14) to base 6
-412
What is -621 (base 7) in base 4?
-10311
Convert -20110100 (base 3) to base 15.
-15dc
9eda (base 15) to base 7
200224
-3337 (base 12) to base 10
-5659
What is -22c8 (base 14) in base 15?
-1bdb
-1340 (base 9) to base 3
-1101100
What is -2112031 (base 4) in base 15?
-2cad
What is -467 (base 8) in base 6?
-1235
What is -11b (base 14) in base 5?
-1341
Convert 1523 (base 8) to base 9.
1145
Convert c39 (base 14) to base 15.
aa3
What is 14ab (base 15) in base 7?
15635
What is 10020 (base 3) in base 15?
5c
What is 22351 (base 6) in base 9?
4304
What is -bfa (base 16) in base 15?
-d96
12120011 (base 3) to base 11
3056
Convert -3549 (base 12) to base 6.
-43333
What is 74 (base 16) in base 6?
312
-61303 (base 7) to base 6
-152551
Convert 402 (base 7) to base 15.
d3
1211550 (base 6) to base 9
106623
460 (base 8) to base 7
613
Convert 2476 (base 8) to base 6.
10114
-1a71 (base 11) to base 14
-d51
What is -2000111 (base 3) in base 2?
-10110111111
Convert -1010010110000001 (base 2) to base 11.
-29918
What is 124 (base 5) in base 15?
29
-66346 (base 7) to base 9
-24744
11093 (base 10) to base 8
25525
-62944 (base 10) to base 8
-172740
-dd7 (base 14) to base 13
-1327
Convert 4345 (base 6) to base 3.
1101002
What is -25170 (base 9) in base 2?
-100001000001111
What is 314 (base 9) in base 6?
1104
What is 588 (base 9) in base 5?
3420
6718 (base 10) to base 9
10184
Convert -111101100100 (base 2) to base 9.
-5357
-e66 (base 16) to base 2
-111001100110
Convert -167 (base 13) to base 16.
-fe
2875 (base 14) to base 6
53051
Convert 2134201 (base 5) to base 11.
25716
1020203 (base 4) to base 7
16352
-1528 (base 14) to base 13
-1933
-204b (base 13) to base 8
-10551
Convert -5c4 (base 14) to base 12.
-800
What is 4 (base 10) in base 12?
4
What is 123 (base 5) in base 8?
46
What is 11333 (base 4) in base 8?
577
What is 4121 (base 13) in base 4?
2030120
Convert -1000001100001 (base 2) to base 4.
-1001201
-102030 (base 7) to base 13
-7c83
What is -5ef (base 16) in base 5?
-22034
What is 12042 (base 9) in base 15?
25c2
Convert 205 (base 7) to base 15.
6d
-174 (base 12) to base 13
-14b
What is -15ab (base 12) in base 7?
-10343
-222122110 (base 3) to base 13
-8ac3
Convert 4461 (base 8) to base 13.
10c0
What is -5140 (base 6) in base 8?
-2164
What is -1511 (base 7) in base 3?
-211002
Convert -32042 (base 7) to base 16.
-1eef
-11111001 (base 2) to base 9
-306
Convert 24d5 (base 15) to base 3.
101202202
1377 (base 9) to base 6
4454
What is b94b (base 12) in base 3?
1000221012
Convert -30d (base 16) to base 12.
-551
101110001 (base 3) to base 11
57a3
What is -2793 (base 10) in base 7?
-11100
Convert -55404 (base 6) to base 4.
-1320130
Convert -1701 (base 11) to base 2.
-100010000011
What is 528 (base 14) in base 7?
2651
-486 (base 10) to base 16
-1e6
Convert -41788 (base 11) to base 9.
-102407
-650 (base 8) to base 11
-356
Convert -24116 (base 7) to base 9.
-8488
What is -1415 (base 7) in base 14?
-2b5
What is -347 (base 16) in base 6?
-3515
Convert 1110100110101 (base 2) to base 3.
101020221
-24b (base 13) to base 3
-112212
-10011110000010 (base 2) to base 3
-111212121
What is -4006 (base 7) in base 10?
-1378
What is 7248 (base 13) in base 8?
36641
-308 (base 14) to base 11
-4a2
180 (base 15) to base 5
2340
What is 1366 (base 11) in base 14?
902
Convert 858 (base 13) to base 2.
10110010001
Convert 32001 (base 5) to base 3.
2220202
Convert 361 (base 12) to base 11.
41a
What is 2000 (base 5) in base 10?
250
Convert -27624 (base 8) to base 10.
-12180
Convert -163406 (base 7) to base 9.
-48448
Convert -3133 (base 9) to base 3.
-10011010
-740 (base 16) to base 4
-131000
What is 3ca (base 15) in base 13?
517
What is -230 (base 5) in base 15?
-45
Convert -5407 (base 16) to base 7.
-116500
-9522 (base 12) to base 16
-3faa
Convert -2422 (base 14) to base 6.
-45102
Convert 6310 (base 7) to base 15.
9c7
What is -14011 (base 6) in base 4?
-201313
Convert 20122002 (base 3) to base 13.
227c
What is 100100011 (base 2) in base 4?
10203
7532 (base 15) to base 13
b396
20a (base 16) to base 7
1344
1440 (base 10) to base 6
10400
What is 1204 (base 14) in base 7?
12104
What is -110111010000111 (base 2) in base 9?
-42728
What is -2465 (base 10) in base 15?
-ae5
Convert -1037 (base 9) to base 4.
-23323
What is -15a3d (base 14) in base 16?
-d387
Convert -158 (base 14) to base 11.
-22a
Convert -12839 (base 14) to base 13.
-1794a
Convert -100021102 (base 3) to base 5.
-204021
-204bb (base 12) to base 7
-234002
What is -8a2 (base 11) in base 14?
-572
Convert 5461 (base 10) to base 8.
12525
What is -155004 (base 6) in base 3?
-210001011
1cc82 (base 13) to base 5
3311214
Convert -1238 (base 9) to base 12.
-652
Convert 131a (base 15) to base 7.
14611
What is -28a (base 11) in base 2?
-101010100
What is 2130 (base 4) in base 11?
132
What is -184 (base 16) in base 7?
-1063
5722 (base 14) to base 13
6b63
-200210211 (base 3) to base 4
-3112033
Convert -18055 (base 9) to base 15.
-3a48
-212110010 (base 3) to base 11
-11930
What is 430 (base 11) in base 10?
517
15471 (base 9) to base 10
10594
-28503 (base 10) to base 11
-1a462
What is -202 (base 10) in base 7?
-406
What is 20b7 (base 13) in base 10?
4544
What is 3f2 (base 16) in base 14?
522
What is 113030 (base 4) in base 12?
a38
What is -1546 (base 9) in base 16?
-498
Convert -201431 (base 5) to base 4.
-1211123
20a00 (base 12) to base 5
2333122
What is 45998 (base 11) in base 5?
4111130
-22126 (base 7) to base 8
-12665
What is 16d (base 14) in base 3?
101212
What is 20801 (base 10) in base 15?
626b
What is 1122122 (base 3) in base 8?
2265
-1323 (base 9) to base 3
-1100210
What is 3205 (base 6) in base 2?
1011010101
Convert -321402 (base 6) to base 9.
-40042
Convert -5215 (base 10) to base 2.
-1010001011111
Convert 2002210 (base 3) to base 14.
7b7
21b48 (base 12) to base 14
124ac
-9a70 (base 11) to base 9
-20170
What is -2475 (base 12) in base 4?
-1000121
15440 (base 6) to base 15
b49
3ce (base 16) to base 3
1100002
-490 (base 15) to base 6
-4443
What is 6676 (base 8) in base 16?
dbe
-21470 (base 8) to base 11
-6857
What is 4250 (base 13) in base 6?
110315
-11304 (base 5) to base 6
-3501
cf04 (base 16) to base 14
15456
What is -2031021 (base 4) in base 10?
-9033
What is 3233 (base 6) in base 13?
450
716 (base 11) to base 10
864
-3001320 (base 4) to base 9
-18016
Convert -122220 (base 4) to base 9.
-2303
What is -2887 (base 13) in base 7?
-23035
Convert -31563 (base 7) to base 15.
-24c6
13730 (base 8) to base 3
22101002
-210012 (base 3) to base 13
-350
-113011 (base 5) to base 2
-1000000100011
208d (base 15) to base 16
1ae3
What is 21133 (base 6) in base 16?
b31
Convert -111001 (base 2) to base 12.
-49
What is -10265 (base 8) in base 4?
-1002311
Convert 1221212002 (base 3) to base 15.
b63b
332202 (base 4) to base 11
3009
Convert 177 (base 15) to base 10.
337
-64476 (base 8) to base 15
-7eb2
What is -311 (base 7) in base 4?
-2123
Convert -14e (base 16) to base 12.
-23a
135324 (base 8) to base 3
2102121102
20020 (base 4) to base 5
4040
-2763 (base 9) to base 10
-2082
Convert -1402 (base 5) to base 7.
-443
Convert -4a1 (base 11) to base 7.
-1510
Convert 3311100 (base 4) to base 9.
23470
Convert -1179 (base 10) to base 16.
-49b
299 (base 13) to base 12
328
246 (base 12) to base 16
156
211004 (base 5) to base 8
15534
Convert -1308 (base 11) to base 15.
-787
What is -5a75 (base 13) in base 11?
-9660
Convert 2178 (base 9) to base 16